1?
4
What is the tens digit of 45968?
6
What is the thousands digit of 7332?
7
What is the tens digit of 35320?
2
What is the tens digit of 8245?
4
What is the ten thousands digit of 18192?
1
What is the units digit of 7102?
2
What is the tens digit of 122?
2
What is the tens digit of 844?
4
What is the thousands digit of 66144?
6
What is the tens digit of 4111?
1
What is the hundreds digit of 16534?
5
What is the units digit of 248?
8
What is the hundreds digit of 10662?
6
What is the hundreds digit of 260?
2
What is the units digit of 13503?
3
What is the hundreds digit of 1612?
6
What is the tens digit of 711?
1
What is the hundreds digit of 106?
1
What is the tens digit of 5583?
8
What is the hundreds digit of 6075?
0
What is the hundreds digit of 21845?
8
What is the units digit of 471?
1
What is the thousands digit of 8706?
8
What is the units digit of 784?
4
What is the units digit of 311?
1
What is the hundreds digit of 756?
7
What is the hundreds digit of 245?
2
What is the thousands digit of 109785?
9
What is the hundreds digit of 23726?
7
What is the units digit of 20096?
6
What is the hundreds digit of 56949?
9
What is the ten thousands digit of 89873?
8
What is the units digit of 847?
7
What is the tens digit of 1549?
4
What is the units digit of 32554?
4
What is the units digit of 30471?
1
What is the tens digit of 9806?
0
What is the tens digit of 341?
4
What is the thousands digit of 1560?
1
What is the hundreds digit of 752?
7
What is the ten thousands digit of 12009?
1
What is the thousands digit of 4717?
4
What is the units digit of 358?
8
What is the units digit of 2269?
9
What is the thousands digit of 1833?
1
What is the thousands digit of 66914?
6
What is the units digit of 103272?
2
What is the thousands digit of 56492?
6
What is the hundreds digit of 950?
9
What is the hundreds digit of 289?
2
What is the thousands digit of 1363?
1
What is the thousands digit of 4249?
4
What is the units digit of 11545?
5
What is the hundreds digit of 12076?
0
What is the hundreds digit of 28369?
3
What is the thousands digit of 6805?
6
What is the hundreds digit of 3843?
8
What is the units digit of 2?
2
What is the units digit of 848?
8
What is the tens digit of 9293?
9
What is the hundreds digit of 3236?
2
What is the hundreds digit of 19145?
1
What is the units digit of 3587?
7
What is the thousands digit of 7425?
7
What is the tens digit of 130098?
9
What is the hundreds digit of 514?
5
What is the hundreds digit of 15935?
9
What is the units digit of 7069?
9
What is the units digit of 34191?
1
What is the hundreds digit of 2245?
2
What is the thousands digit of 1709?
1
What is the hundreds digit of 5385?
3
What is the units digit of 1005?
5
What is the units digit of 5974?
4
What is the hundreds digit of 6319?
3
What is the thousands digit of 3146?
3
What is the hundreds digit of 31603?
6
What is the hundreds digit of 1618?
6
What is the ten thousands digit of 20644?
2
What is the hundreds digit of 14228?
2
What is the units digit of 857?
7
What is the thousands digit of 13788?
3
What is the units digit of 9950?
0
What is the thousands digit of 68774?
8
What is the units digit of 299?
9
What is the ten thousands digit of 24260?
2
What is the hundreds digit of 1153?
1
What is the thousands digit of 1634?
1
What is the hundreds digit of 1603?
6
What is the tens digit of 1980?
8
What is the tens digit of 79785?
8
What is the units digit of 7357?
7
What is the tens digit of 2898?
9
What is the thousands digit of 65401?
5
What is the tens digit of 5236?
3
What is the units digit of 3088?
8
What is the units digit of 473?
3
What is the hundreds digit of 3148?
1
What is the thousands digit of 2397?
2
What is the hundreds digit of 1107?
1
What is the thousands digit of 51209?
1
What is the units digit of 1257?
7
What is the units digit of 8817?
7
What is the hundreds digit of 24781?
7
What is the hundreds digit of 56474?
4
What is the units digit of 12512?
2
What is the units digit of 9838?
8
What is the tens digit of 30843?
4
What is the tens digit of 5878?
7
What is the hundreds digit of 37348?
3
What is the hundreds digit of 603?
6
What is the hundreds digit of 5911?
9
What is the hundreds digit of 5322?
3
What is the thousands digit of 3405?
3
What is the tens digit of 801?
0
What is the thousands digit of 77140?
7
What is the hundreds digit of 9292?
2
What is the units digit of 29720?
0
What is the hundreds digit of 124251?
2
What is the units digit of 12725?
5
What is the thousands digit of 14070?
4
What is the hundreds digit of 57638?
6
What is the hundreds digit of 41138?
1
What is the hundreds digit of 19251?
2
What is the tens digit of 735?
3
What is the units digit of 42668?
8
What is the hundreds digit of 8063?
0
What is the hundreds digit of 38144?
1
What is the ten thousands digit of 36846?
3
What is the units digit of 1916?
6
What is the units digit of 1339?
9
What is the thousands digit of 67535?
7
What is the hundreds digit of 664?
6
What is the units digit of 3368?
8
What is the tens digit of 104?
0
What is the hundreds digit of 3359?
3
What is the thousands digit of 10895?
0
What is the units digit of 1574?
4
What is the units digit of 680?
0
What is the tens digit of 23915?
1
What is the tens digit of 22143?
4
What is the units digit of 51976?
6
What is the hundreds digit of 1529?
5
What is the tens digit of 9642?
4
What is the thousands digit of 2507?
2
What is the thousands digit of 1861?
1
What is the thousands digit of 2231?
2
What is the units digit of 529?
9
What is the tens digit of 10309?
0
What is the ten thousands digit of 19146?
1
What is the tens digit of 3272?
7
What is the tens digit of 25261?
6
What is the tens digit of 23718?
1
What is the units digit of 20596?
6
What is the units digit of 18119?
9
What is the tens digit of 2920?
2
What is the units digit of 11242?
2
What is the units digit of 186?
6
What is the hundreds digit of 8977?
9
What is the thousands digit of 4229?
4
What is the thousands digit of 4443?
4
What is the hundred thousands digit of 121780?
1
What is the ten thousands digit of 63617?
6
What is the units digit of 9431?
1
What is the thousands digit of 31181?
1
What is the thousands digit of 33626?
3
What is the ten thousands digit of 41734?
4
What is the units digit of 44131?
1
What is the ten thousands digit of 51339?
5
What is the tens digit of 718?
1
What is the hundreds digit of 120?
1
What is the ten thousands digit of 15280?
1
What is the hundreds digit of 610?
6
What is the thousands digit of 7257?
7
What is the hundreds digit of 23535?
5
What is the thousands digit of 5430?
5
What is the tens digit of 237?
3
What is the hundreds digit of 9459?
4
What is the ten thousands digit of 99903?
9
What is the thousands digit of 6483?
6
What is the thousands digit of 28959?
8
What is the tens digit of 3778?
7
What is the hundreds digit of 111064?
0
What is the tens digit of 301?
0
What is the thousands digit of 2671?
2
What is the thousands digit of 66556?
6
What is the hundreds digit of 702?
7
What is the tens digit of 9329?
2
What is the thousands digit of 77897?
7
What is the hundreds digit of 651?
6
What is the units digit of 1897?
7
What is the tens digit of 3578?
7
What is the tens digit of 954?
5
What is the units digit of 1276?
6
What is the tens digit of 23566?
6
What is the hundred thousands digit of 131601?
1
What is the hundreds digit of 509?
5
What is the hundreds digit of 3275?
2
What is the thousands digit of 24730?
4
What is the units digit of 552?
2
What is the hundreds digit of 9327?
3
What is the thousands digit of 1115?
1
What is the hundreds digit of 1109?
1
What is the hundreds digit of 40593?
5
What is the units digit of 1087?
7
What is the tens digit of 20903?
0
What is the hundreds digit of 1143?
1
What is the units digit of 520?
0
What is the hundreds digit of 6060?
0
What is the tens digit of 2411?
1
What is the units digit of 6?
6
What is the hundreds digit of 44076?
0
What is the units digit of 658?
8
What is the thousands digit of 16088?
6
What is the hundreds digit of 379?
3
What is the hundreds digit of 2545?
5
What is the tens digit of 109412?
1
What is the units digit of 4752?
2
What is the hundreds digit of 19329?
3
What is the tens digit of 2710